15
Let p(s) = 35*s**2 - 5*s + 5. Let y be p(1). What is the highest common factor of 7 and y?
7
Suppose -3*g - 6 = -6*g. Suppose 0 = -g*q + 6*q. Suppose q*j - 2 = -j, -4*j + 113 = 5*u. Calculate the highest common factor of u and 7.
7
Let i = -2622 + 2639. Let y = -126 - -313. What is the highest common factor of i and y?
17
Suppose 4*v = 3*f - 8*f + 41, 0 = 4*f - 5*v. What is the greatest common factor of f and 200?
5
Suppose 3*g - 2*z - 336 = 0, -3*g - g - 4*z + 428 = 0. Let t = 369 + -347. What is the greatest common factor of g and t?
22
Suppose 65*o - 137902 = 20178. What is the greatest common factor of o and 128?
128
Let d(p) = p**3 + 4*p - 6. Let h be d(4). Calculate the highest common factor of h and 740.
74
Let i = 85 - 80. Suppose v + v - 4*b - 110 = 0, -2*v = -i*b - 115. What is the greatest common divisor of v and 18?
9
Let x be 1 + 0 + 13 + (-7 - -3). Let j be (32/x)/((-30)/(-75)). Calculate the greatest common divisor of 56 and j.
8
Let a(o) = -o**3 + 5*o**2 + 10*o - 14. Let v(c) = c**2 - 7*c + 6. Let t be v(7). Let u be a(t). Calculate the highest common divisor of u and 140.
10
Let n = -1361 - -1421. Suppose 5*h = 2*h + 72. What is the highest common divisor of n and h?
12
Suppose 0 = t - 3*k - 39 - 7, -t = -k - 42. Suppose -5*v + 126 = 3*z, -z = 3*v - 4*v + 22. What is the greatest common factor of v and t?
8
Let p = -5 + 13. Let x(i) = 6*i**2 - i - 2. Let z be x(-1). Let w be 7 - 2 - (2 - z). What is the highest common divisor of p and w?
8
Let f = -136 + 156. Calculate the greatest common divisor of f and 410.
10
Let n(b) = -b**3 - 11*b**2 - 12*b - 12. Let y be 3/(-9) + 261/(-27). Let t be n(y). What is the highest common divisor of t and 64?
8
Suppose -14*p - 5 = -15*p. Suppose u = p*u - 1656. Calculate the greatest common divisor of u and 46.
46
Let g be (2116/(-253))/(6/(-33)). Calculate the highest common factor of 46 and g.
46
Suppose -4*d + 8 = 0, 633 = -l + 2*l + 3*d. Calculate the greatest common factor of 231 and l.
33
Let v(h) = 3*h**2 - 43*h - 142. Let m be v(21). What is the greatest common divisor of 2 and m?
2
Let o(j) = -j**3 + 8*j**2 + 8*j. Let l be o(7). Let u(c) = -c**3 + 7*c**2 + c + 8. Let f be u(7). What is the greatest common factor of l and f?
15
Suppose -5*h + j + 26 = 0, -h + 2 = 2*j - 12. Calculate the greatest common divisor of h and 22.
2
Suppose 0 = 2*w + 4*u - 794, -667 - 936 = -4*w - 5*u. What is the greatest common factor of 11 and w?
11
Let m be 12/(-78) - ((-474)/39 - 0). Suppose -z + 3*p + 67 = m, -p = z - 55. What is the highest common divisor of 22 and z?
11
Suppose 0 = 2*f + 5*f. Suppose f*l + l - 2 = 0. What is the greatest common divisor of l and 14?
2
Suppose 0 = -6*l - 12*l + 4212. What is the greatest common factor of l and 52?
26
Suppose 3*t + 10 = -0*n - n, 5*t - 5*n + 30 = 0. Let s be 2/(-3)*-3 - t. Suppose -3*h + 129 = -15. Calculate the greatest common factor of s and h.
6
Let f(d) = d**2 + 14*d + 193. Let m be f(-15). Calculate the highest common divisor of m and 13.
13
Suppose 4*k + 52 = n, -7*n + 3*k = -3*n - 182. Let l = n - 30. What is the greatest common divisor of 98 and l?
14
Let s(h) = 7*h + 20 + 18*h - 12*h - 13*h**2 + h**3 + 9*h. Let r be s(11). Calculate the greatest common divisor of r and 120.
20
Suppose -21*z + 2557 = -131. What is the greatest common factor of 64 and z?
64
Let g = 6 - -19. Calculate the greatest common divisor of 475 and g.
25
Let p be (-4 + 1)*8/(-6). Let y be 34/(p*(-1)/(-4)). Suppose -4*r - 41 = -5*x - 0*r, 4*x - 2*r - y = 0. What is the greatest common factor of x and 1?
1
Let x(u) = -41*u - 43*u + u**2 - 5 + 76*u. Let k be x(9). Suppose -2*h = 5*i - 52, -2*h - 3*h = -4*i + 68. Calculate the greatest common factor of k and i.
4
Let g = 48 - 45. Suppose 3*k - x - 57 = -2*x, g*x = 2*k - 49. Calculate the highest common factor of k and 180.
20
Let k = -243 + 261. What is the greatest common divisor of 27 and k?
9
Suppose -9*i - 112 = -679. Suppose b = 4*b - 27. What is the highest common divisor of i and b?
9
Let a = -55 + 105. Calculate the highest common factor of 20 and a.
10
Suppose -1093 = -3*m - 205. Calculate the highest common divisor of m and 37.
37
Let d be 78/5 + (-2)/(-5). Let i be (-42)/(-10) + 2 + (-11)/5. Suppose -3*h + s = -93, -i*h + 6*s + 116 = 2*s. What is the greatest common divisor of d and h?
16
Suppose 2*v - 30 = m - 13, -2*m = v - 16. Let w = 246 + -196. What is the greatest common factor of w and v?
10
Let d = -54 - -57. Suppose -4*n + d = -5. Suppose -5*m + 4*q + 58 = 0, -2*m + 2*q + 24 = -0*q. What is the greatest common divisor of m and n?
2
Let d = 4 - 2. Suppose -q - 4*q - 2*t = 0, d*q = 3*t - 19. Let n be 22*((-7)/(-2) - q). Calculate the greatest common divisor of n and 11.
11
Suppose 8 = -2*y, 183*b = 186*b - y - 220. Suppose 37 = 5*s - 8. Calculate the greatest common factor of s and b.
9
Suppose 2*m = 3*g - 5*g + 24, -4*m - 40 = -4*g. Calculate the greatest common divisor of 209 and g.
11
Let l be (-1 + 0)*(5 + -4 - -3). Let d(v) = -73*v - 22. Let g be d(l). Calculate the greatest common factor of g and 54.
54
Suppose 17 + 13 = 2*c. Suppose -7*q + 2*q - 63 = o, 4*q - 3*o + 39 = 0. Let v = 132 + q. What is the greatest common factor of c and v?
15
Let q = 46 + 68. Suppose f - 5*y = 242, -368 + q = -f - y. What is the highest common divisor of 36 and f?
36
Let a(l) = -l**3 + l + 2. Let h be a(-2). Let c = h + -4. Let v be 65/4 - 1/c. What is the greatest common factor of v and 80?
16
Let b(t) be the third derivative of t**4/24 + 5*t**3/2 + 7*t**2. Let n be b(-10). Let c be 26 + (-1)/(1 - 0). What is the greatest common factor of n and c?
5
Suppose -4*w + 5*o = 5 - 1, -3*w - 3*o + 24 = 0. Let k(d) = 2*d + 20. Let r be k(w). Calculate the greatest common divisor of r and 84.
28
Let i(y) = -6*y - 13. Let n be i(-3). What is the greatest common factor of n and 30?
5
Suppose -4*a + b + 287 = -0*b, -3*a = -b - 215. What is the highest common factor of a and 1026?
18
Suppose n + 3 = -d, 3*n + 14 = -0*n - 4*d. Suppose 0 = 5*p - 15, -p + n*p = t - 45. Calculate the highest common factor of 12 and t.
12
Suppose -10*h = -726 - 1154. Calculate the greatest common divisor of 235 and h.
47
Suppose 25 = b - p, p = -3*p - 8. Calculate the highest common divisor of b and 575.
23
Suppose -m = 4*u - 0*m - 62, -86 = -5*u + 3*m. Let j = 19 - 13. Let h be 80/3*18/j. What is the greatest common factor of u and h?
16
Suppose 0 = 2*f + 18 - 162. Suppose 2*a = -i + 3*i + 18, a = -i + 7. What is the greatest common factor of a and f?
8
Let p = -12 - -11. Let x be -10*1*p/2. Let r be (-115)/(-25) - (-2)/x. What is the highest common factor of 10 and r?
5
Let a(c) = c**3 - 4*c**2 - 7*c + 7. Let j be a(7). Calculate the highest common divisor of j and 15.
15
Let d be 1/(-3*1*(-3)/81). Let h = 35 - 17. What is the highest common factor of d and h?
9
Let w be (-8)/36 + 526/18. Let s = w - -3. Let n = 25 - -23. Calculate the greatest common divisor of n and s.
16
Suppose 0 = 5*n + 3*n - 456. Suppose 4*p = -2*a + 66, 3*a + 19 = 3*p - 53. What is the greatest common divisor of n and p?
19
Suppose -2*n + n = 5*k - 1507, 0 = 4*n - 4*k - 6076. Calculate the greatest common factor of n and 37.
37
Let v be (-3)/(3/(-4)) - (115 - 143). What is the greatest common factor of 40 and v?
8
Suppose -315 = -6*d + 777. Let b(i) = 6*i - 4. Let p be b(5). What is the greatest common divisor of p and d?
26
Let u(k) = k**2 + 2*k - 11. Let t be u(-5). Suppose -t*y = 12, 5*v - 58 - 92 = 5*y. What is the highest common factor of 18 and v?
9
Let z = -13 + 13. Let c(m) = m**3 - m + 4. Let r be c(z). Suppose 3*b - b - 566 = -r*g, -5*g = 2*b - 570. What is the highest common divisor of 25 and b?
25
Let n = 1521 + -1505. Calculate the highest common factor of 392 and n.
8
Suppose -6*p + 96 = -3*p. Suppose -164 = -g - p. Calculate the greatest common factor of g and 88.
44
Let i(v) = v**2 - 4*v - 14. Suppose 7*r - 49 = 7. Let b be i(r). What is the highest common divisor of 45 and b?
9
Let h be (8 - 110/(-20))*(-8)/(-3). Calculate the highest common divisor of 14 and h.
2
Suppose -3*r = 3*r. Suppose -m = b - 13, 5*b - 5*m - 49 - 46 = r. Suppose -b = -3*x - 1. What is the highest common divisor of 45 and x?
5
Let n(j) = j**3 - 5*j**2 + 13*j - 15. Suppose -3*z + 72 = 1